tors of 349542?
2, 3, 6473
List the prime factors of 973937.
229, 4253
What are the prime factors of 2700?
2, 3, 5
List the prime factors of 4444036.
2, 31, 35839
List the prime factors of 757252.
2, 23, 8231
List the prime factors of 563892.
2, 3, 7, 137
What are the prime factors of 31218750?
2, 3, 5, 37
What are the prime factors of 5537266?
2, 7, 137, 2887
List the prime factors of 366574.
2, 13, 23, 613
List the prime factors of 4418182.
2, 31, 71261
List the prime factors of 2903106.
2, 3, 23, 109, 193
List the prime factors of 496623.
3, 165541
What are the prime factors of 1633795?
5, 67, 4877
List the prime factors of 2530543.
2530543
List the prime factors of 3109190.
2, 5, 7, 44417
List the prime factors of 149766.
2, 3, 109, 229
What are the prime factors of 1266008?
2, 19, 8329
List the prime factors of 2457496.
2, 307187
List the prime factors of 8918471.
97, 91943
List the prime factors of 1899359.
7, 11, 17, 1451
List the prime factors of 1354808.
2, 7, 13, 1861
List the prime factors of 1829790.
2, 3, 5, 251
What are the prime factors of 9521749?
2689, 3541
List the prime factors of 3991625.
5, 11, 2903
What are the prime factors of 193100?
2, 5, 1931
List the prime factors of 2993380.
2, 5, 13, 29, 397
List the prime factors of 2413507.
17, 141971
What are the prime factors of 949783?
521, 1823
What are the prime factors of 268581?
3, 89527
List the prime factors of 1468968.
2, 3, 97, 631
What are the prime factors of 11291482?
2, 23, 41, 5987
List the prime factors of 694088.
2, 53, 1637
List the prime factors of 2696492.
2, 674123
What are the prime factors of 3235732?
2, 23, 35171
List the prime factors of 7817464.
2, 977183
What are the prime factors of 465436?
2, 116359
List the prime factors of 302141.
7, 17, 2539
List the prime factors of 17456287.
23, 758969
List the prime factors of 29567445.
3, 5, 43, 45841
What are the prime factors of 1152222?
2, 3, 192037
List the prime factors of 814204.
2, 29, 7019
What are the prime factors of 32309?
32309
What are the prime factors of 165412?
2, 13, 3181
List the prime factors of 265606.
2, 11, 12073
List the prime factors of 6694207.
13, 514939
List the prime factors of 999714.
2, 3, 166619
What are the prime factors of 10149335?
5, 7, 409, 709
List the prime factors of 633680.
2, 5, 89
What are the prime factors of 1811904?
2, 3, 9437
List the prime factors of 1157369.
1157369
What are the prime factors of 304208?
2, 19013
List the prime factors of 80668.
2, 7, 43, 67
List the prime factors of 55653.
3, 13, 1427
What are the prime factors of 2462508?
2, 3, 151
List the prime factors of 415287.
3, 1709
What are the prime factors of 17223063?
3, 11, 13, 19, 2113
List the prime factors of 320190.
2, 3, 5, 13, 821
What are the prime factors of 123873?
3, 157, 263
List the prime factors of 451209.
3, 11, 113
What are the prime factors of 75412?
2, 17, 1109
What are the prime factors of 535546?
2, 11, 2213
List the prime factors of 171795.
3, 5, 13, 881
List the prime factors of 436323.
3, 145441
List the prime factors of 13475294.
2, 7, 19, 7237
List the prime factors of 795313.
617, 1289
What are the prime factors of 196672?
2, 7, 439
List the prime factors of 471923.
471923
What are the prime factors of 7396780?
2, 5, 71, 5209
List the prime factors of 390783.
3, 130261
What are the prime factors of 14599784?
2, 1824973
List the prime factors of 14251041.
3, 7, 31, 7297
List the prime factors of 25316093.
11, 107, 137, 157
List the prime factors of 322427.
7, 46061
What are the prime factors of 29919?
3, 9973
List the prime factors of 31152869.
11, 47, 60257
What are the prime factors of 9071925?
3, 5, 29, 43, 97
What are the prime factors of 418486?
2, 83, 2521
What are the prime factors of 1058630?
2, 5, 105863
What are the prime factors of 3939569?
3939569
List the prime factors of 23886.
2, 3, 1327
What are the prime factors of 1601624?
2, 19, 41, 257
What are the prime factors of 681653?
7, 97379
List the prime factors of 157709.
17, 9277
List the prime factors of 371291.
371291
What are the prime factors of 7163056?
2, 53, 8447
List the prime factors of 1171721.
1171721
List the prime factors of 174210.
2, 3, 5, 5807
List the prime factors of 73295.
5, 107, 137
What are the prime factors of 506997?
3, 56333
List the prime factors of 4523897.
7, 646271
What are the prime factors of 529324?
2, 132331
What are the prime factors of 2892462?
2, 3, 233, 2069
List the prime factors of 1593186.
2, 3, 7, 5419
What are the prime factors of 8598007?
11, 29, 26953
What are the prime factors of 522859?
23, 127, 179
What are the prime factors of 7415614?
2, 23, 37, 4357
What are the prime factors of 1099155?
3, 5, 73277
List the prime factors of 1950527.
1950527
What are the prime factors of 22412879?
23, 974473
List the prime factors of 8424866.
2, 19, 221707
What are the prime factors of 1031195?
5, 11, 18749
List the prime factors of 115439.
241, 479
List the prime factors of 10929528.
2, 3, 151799
List the prime factors of 397575.
3, 5, 19, 31
What are the prime factors of 877744?
2, 7, 17, 461
List the prime factors of 205479.
3, 17, 79
List the prime factors of 1118434.
2, 559217
List the prime factors of 8989774.
2, 19, 236573
What are the prime factors of 6954489?
3, 772721
What are the prime factors of 2172871?
2172871
List the prime factors of 2773490.
2, 5, 53, 5233
List the prime factors of 585448.
2, 73181
List the prime factors of 1039795.
5, 29, 71, 101
List the prime factors of 3099603.
3, 13, 19, 47, 89
List the prime factors of 484363.
11, 4003
List the prime factors of 1164548.
2, 7, 11, 19, 199
List the prime factors of 128079.
3, 7, 19, 107
What are the prime factors of 148430?
2, 5, 14843
What are the prime factors of 267777?
3, 29753
List the prime factors of 2156806.
2, 1078403
What are the prime factors of 189997?
189997
List the prime factors of 235228.
2, 7, 31, 271
List the prime factors of 31372936.
2, 7, 163, 491
List the prime factors of 6420045.
3, 5, 428003
What are the prime factors of 12859909?
1181, 10889
List the prime factors of 2991755.
5, 13, 46027
List the prime factors of 542740.
2, 5, 11, 2467
List the prime factors of 757140.
2, 3, 5, 12619
What are the prime factors of 691885?
5, 19, 7283
List the prime factors of 384824.
2, 11, 4373
What are the prime factors of 34007453?
43, 790871
What are the prime factors of 122562?
2, 3, 11, 619
List the prime factors of 5845941.
3, 461, 1409
What are the prime factors of 1736021?
7, 71, 499
List the prime factors of 4649252.
2, 337, 3449
What are the prime factors of 1049968?
2, 137, 479
List the prime factors of 869129.
59, 14731
What are the prime factors of 182373?
3, 31, 37, 53
List the prime factors of 3547910.
2, 5, 354791
What are the prime factors of 11144?
2, 7, 199
List the prime factors of 91261.
263, 347
List the prime factors of 5279705.
5, 167, 6323
List the prime factors of 9739679.
29, 263, 1277
List the prime factors of 658662.
2, 3, 151, 727
What are the prime factors of 7950849?
3, 17, 31, 47, 107
List the prime factors of 1756300.
2, 5, 7, 13, 193
What are the prime factors of 1733587?
271, 6397
List the prime factors of 2267919.
3, 17, 61
What are the prime factors of 4291387?
4291387
What are the prime factors of 8619411?
3, 23, 124919
What are the prime factors of 35557?
31, 37
What are the prime factors of 770953?
59, 73, 179
List the prime factors of 10850683.
10850683
What are the prime factors of 1091048?
2, 7, 19483
List the prime factors of 658937.
17, 83, 467
List the prime factors of 180921.
3, 13, 4639
What are the prime factors of 495326?
2, 13, 19051
What are the prime factors of 7195310?
2, 5, 157, 4583
What are the prime factors of 155945?
5, 31189
What are the prime factors of 30644716?
2, 1201, 6379
What are the prime factors of 868285?
5, 11, 15787
List the prime factors of 3013089.
3, 1004363
What are the prime factors of 45564?
2, 3, 3797
List the prime factors of 753121.
587, 1283
List the prime factors of 919897.
11, 241, 347
List the prime factors of 21979641.
3, 7326547
What are the prime factors of 592681?
592681
List the prime factors of 5815621.
7, 43, 139
List the prime factors of 3219898.
2, 11, 146359
List the prime factors of 301655.
5, 60331
L